{"id":8858,"date":"2023-10-01T00:12:09","date_gmt":"2023-10-01T03:12:09","guid":{"rendered":"https:\/\/gabyvalenzuela.cl\/upgrades\/apl\/?page_id=8858"},"modified":"2023-10-01T00:17:01","modified_gmt":"2023-10-01T03:17:01","slug":"por-que-preferir-plasticos-reciclados","status":"publish","type":"page","link":"https:\/\/www.asipla.cl\/marketplace\/por-que-preferir-plasticos-reciclados\/","title":{"rendered":"Por qu\u00e9 preferir pl\u00e1sticos reciclados"},"content":{"rendered":"<section class=\"l-section wpb_row height_auto width_full\"><div class=\"l-section-h i-cf\"><div class=\"g-cols vc_row via_grid cols_1 laptops-cols_inherit tablets-cols_inherit mobiles-cols_1 valign_top type_default stacking_default\"><div class=\"wpb_column vc_column_container\"><div class=\"vc_column-inner\">\n\t\t\t<!-- START Preferencia REVOLUTION SLIDER 6.6.18 --><p class=\"rs-p-wp-fix\"><\/p>\n\t\t\t<rs-module-wrap id=\"rev_slider_17_1_wrapper\" data-source=\"gallery\" style=\"visibility:hidden;background:transparent;padding:0;margin:0px auto;margin-top:0;margin-bottom:0;\">\n\t\t\t\t<rs-module id=\"rev_slider_17_1\" style=\"\" data-version=\"6.6.18\">\n\t\t\t\t\t<rs-slides style=\"overflow: hidden; position: absolute;\">\n\t\t\t\t\t\t<rs-slide style=\"position: absolute;\" data-key=\"rs-33\" data-title=\"Slide\" data-in=\"o:0;\" data-out=\"a:false;\">\n\t\t\t\t\t\t\t<img decoding=\"async\" src=\"\/\/www.asipla.cl\/marketplace\/wp-content\/plugins\/revslider\/public\/assets\/assets\/dummy.png\" alt=\"\" title=\"slide_7\" width=\"1200\" height=\"400\" class=\"rev-slidebg tp-rs-img rs-lazyload\" data-lazyload=\"\/\/www.asipla.cl\/marketplace\/wp-content\/uploads\/2023\/09\/slide_7.jpg\" data-no-retina>\n<!--\n\t\t\t\t\t\t\t--><rs-layer\n\t\t\t\t\t\t\t\tid=\"slider-17-slide-33-layer-0\" \n\t\t\t\t\t\t\t\tdata-type=\"text\"\n\t\t\t\t\t\t\t\tdata-color=\"#ffffff\"\n\t\t\t\t\t\t\t\tdata-rsp_ch=\"on\"\n\t\t\t\t\t\t\t\tdata-xy=\"x:c;y:c;\"\n\t\t\t\t\t\t\t\tdata-text=\"w:normal;s:30;l:37;fw:700;a:center;\"\n\t\t\t\t\t\t\t\tdata-frame_999=\"o:0;st:w;\"\n\t\t\t\t\t\t\t\tstyle=\"z-index:6;font-family:'Montserrat';\"\n\t\t\t\t\t\t\t>\u201cQue los pl\u00e1sticos terminen su vida \u00fatil en la naturaleza <br \/>\no puedan ser reciclados depende de todos\u201d \n\t\t\t\t\t\t\t<\/rs-layer><!--\n-->\t\t\t\t\t\t<\/rs-slide>\n\t\t\t\t\t<\/rs-slides>\n\t\t\t\t<\/rs-module>\n\t\t\t\t<script>\n\t\t\t\t\tsetREVStartSize({c: 'rev_slider_17_1',rl:[1240,1024,778,480],el:[400],gw:[1200],gh:[400],type:'standard',justify:'',layout:'fullwidth',mh:\"0\"});if (window.RS_MODULES!==undefined && window.RS_MODULES.modules!==undefined && window.RS_MODULES.modules[\"revslider171\"]!==undefined) {window.RS_MODULES.modules[\"revslider171\"].once = false;window.revapi17 = undefined;if (window.RS_MODULES.checkMinimal!==undefined) window.RS_MODULES.checkMinimal()}\n\t\t\t\t<\/script>\n\t\t\t<\/rs-module-wrap>\n\t\t\t<!-- END REVOLUTION SLIDER -->\n<\/div><\/div><\/div><\/div><\/section><section class=\"l-section wpb_row height_auto\"><div class=\"l-section-h i-cf\"><div class=\"g-cols vc_row via_grid cols_1 laptops-cols_inherit tablets-cols_inherit mobiles-cols_1 valign_top type_default stacking_default\"><div class=\"wpb_column vc_column_container\"><div class=\"vc_column-inner\"><div class=\"w-separator size_medium\"><\/div><h2 class=\"w-text\"><span class=\"w-text-h\"><span class=\"w-text-value\">Por qu\u00e9 preferir pl\u00e1sticos reciclados<\/span><\/span><\/h2><div class=\"wpb_text_column\"><div class=\"wpb_wrapper\"><p>Los pl\u00e1sticos son una amplia familia de resinas que se inventaron para mejorar la calidad de vida de las personas, posibilitando que distintos bienes fuesen accesibles a una mayor y variada cantidad de poblaci\u00f3n.<\/p>\n<p>Con el tiempo, las propiedades de los pl\u00e1sticos ampliaron sus usos y beneficios, permitiendo, entre otras cosas, que la comida dure por m\u00e1s tiempo; que nos conectemos con las personas a grandes distancias, gracias a los avances en conectividad y movilidad; que podamos mejorar nuestra eficiencia h\u00eddrica y energ\u00e9tica, e incluso, que la medicina se desarrolle a pasos agigantados.<\/p>\n<p>Pero uno de los atributos m\u00e1s relevantes del pl\u00e1stico, es tambi\u00e9n su mayor desaf\u00edo. Si bien cerca del 60% de los productos pl\u00e1sticos que se fabrican se destinan a aplicaciones de larga duraci\u00f3n, como sociedad no hemos sabido gestionar de manera correcta la durabilidad de este material.<\/p>\n<p>El reciclaje de los pl\u00e1sticos es una alternativa real no s\u00f3lo para dar soluci\u00f3n al problema de la creciente generaci\u00f3n de residuos, sino tambi\u00e9n, para combatir la crisis clim\u00e1tica que amenaza el futuro de las nuevas generaciones.<\/p>\n<p>La mayor\u00eda de los pl\u00e1sticos son 100% reciclables. Al convertirse en residuos pueden ser valorizados a trav\u00e9s del reciclaje mec\u00e1nico y utilizados como materia prima en la producci\u00f3n de nuevas aplicaciones, lo que se genera ahorros de energ\u00eda y de combustibles f\u00f3siles en el ciclo de vida de los productos pl\u00e1sticos superiores al 80%.<\/p>\n<p>Que los pl\u00e1sticos terminen su vida \u00fatil en la naturaleza o puedan ser reciclados depende de todos, en nuestro rol de ciudadanos responsables.<\/p>\n<\/div><\/div><div class=\"w-separator size_medium\"><\/div><\/div><\/div><\/div><\/div><\/section>\n","protected":false},"excerpt":{"rendered":"\u201cQue los pl\u00e1sticos terminen su vida \u00fatil en la naturaleza o puedan ser reciclados depende de todos\u201d Por qu\u00e9 preferir pl\u00e1sticos recicladosLos pl\u00e1sticos son una amplia familia de resinas que se inventaron para mejorar la calidad de vida de las personas, posibilitando que distintos bienes fuesen accesibles a una mayor y variada cantidad de poblaci\u00f3n....","protected":false},"author":1,"featured_media":0,"parent":0,"menu_order":0,"comment_status":"closed","ping_status":"open","template":"","meta":{"footnotes":""},"class_list":["post-8858","page","type-page","status-publish","hentry"],"_links":{"self":[{"href":"https:\/\/www.asipla.cl\/marketplace\/wp-json\/wp\/v2\/pages\/8858","targetHints":{"allow":["GET"]}}],"collection":[{"href":"https:\/\/www.asipla.cl\/marketplace\/wp-json\/wp\/v2\/pages"}],"about":[{"href":"https:\/\/www.asipla.cl\/marketplace\/wp-json\/wp\/v2\/types\/page"}],"author":[{"embeddable":true,"href":"https:\/\/www.asipla.cl\/marketplace\/wp-json\/wp\/v2\/users\/1"}],"replies":[{"embeddable":true,"href":"https:\/\/www.asipla.cl\/marketplace\/wp-json\/wp\/v2\/comments?post=8858"}],"version-history":[{"count":2,"href":"https:\/\/www.asipla.cl\/marketplace\/wp-json\/wp\/v2\/pages\/8858\/revisions"}],"predecessor-version":[{"id":8860,"href":"https:\/\/www.asipla.cl\/marketplace\/wp-json\/wp\/v2\/pages\/8858\/revisions\/8860"}],"wp:attachment":[{"href":"https:\/\/www.asipla.cl\/marketplace\/wp-json\/wp\/v2\/media?parent=8858"}],"curies":[{"name":"wp","href":"https:\/\/api.w.org\/{rel}","templated":true}]}}

Por qué preferir plásticos reciclados

<section class="l-section wpb_row height_auto width_full"><div class="l-section-h i-cf"><div class="g-cols vc_row via_grid cols_1 laptops-cols_inherit tablets-cols_inherit mobiles-cols_1 valign_top type_default stacking_default"><div class="wpb_column vc_column_container"><div class="vc_column-inner">
			<!-- START Preferencia REVOLUTION SLIDER 6.6.18 --><p class="rs-p-wp-fix"></p>
			<rs-module-wrap id="rev_slider_17_1_wrapper" data-source="gallery" style="visibility:hidden;background:transparent;padding:0;margin:0px auto;margin-top:0;margin-bottom:0;">
				<rs-module id="rev_slider_17_1" style="" data-version="6.6.18">
					<rs-slides style="overflow: hidden; position: absolute;">
						<rs-slide style="position: absolute;" data-key="rs-33" data-title="Slide" data-in="o:0;" data-out="a:false;">
							<img decoding="async" src="//www.asipla.cl/marketplace/wp-content/plugins/revslider/public/assets/assets/dummy.png" alt="" title="slide_7" width="1200" height="400" class="rev-slidebg tp-rs-img rs-lazyload" data-lazyload="//www.asipla.cl/marketplace/wp-content/uploads/2023/09/slide_7.jpg" data-no-retina>
<!--
							--><rs-layer
								id="slider-17-slide-33-layer-0" 
								data-type="text"
								data-color="#ffffff"
								data-rsp_ch="on"
								data-xy="x:c;y:c;"
								data-text="w:normal;s:30;l:37;fw:700;a:center;"
								data-frame_999="o:0;st:w;"
								style="z-index:6;font-family:'Montserrat';"
							>“Que los plásticos terminen su vida útil en la naturaleza <br />
o puedan ser reciclados depende de todos” 
							</rs-layer><!--
-->						</rs-slide>
					</rs-slides>
				</rs-module>
				<script>
					setREVStartSize({c: 'rev_slider_17_1',rl:[1240,1024,778,480],el:[400],gw:[1200],gh:[400],type:'standard',justify:'',layout:'fullwidth',mh:"0"});if (window.RS_MODULES!==undefined && window.RS_MODULES.modules!==undefined && window.RS_MODULES.modules["revslider171"]!==undefined) {window.RS_MODULES.modules["revslider171"].once = false;window.revapi17 = undefined;if (window.RS_MODULES.checkMinimal!==undefined) window.RS_MODULES.checkMinimal()}
				</script>
			</rs-module-wrap>
			<!-- END REVOLUTION SLIDER -->
</div></div></div></div></section><section class="l-section wpb_row height_auto"><div class="l-section-h i-cf"><div class="g-cols vc_row via_grid cols_1 laptops-cols_inherit tablets-cols_inherit mobiles-cols_1 valign_top type_default stacking_default"><div class="wpb_column vc_column_container"><div class="vc_column-inner"><div class="w-separator size_medium"></div><h2 class="w-text"><span class="w-text-h"><span class="w-text-value">Por qué preferir plásticos reciclados</span></span></h2><div class="wpb_text_column"><div class="wpb_wrapper"><p>Los plásticos son una amplia familia de resinas que se inventaron para mejorar la calidad de vida de las personas, posibilitando que distintos bienes fuesen accesibles a una mayor y variada cantidad de población.</p>
<p>Con el tiempo, las propiedades de los plásticos ampliaron sus usos y beneficios, permitiendo, entre otras cosas, que la comida dure por más tiempo; que nos conectemos con las personas a grandes distancias, gracias a los avances en conectividad y movilidad; que podamos mejorar nuestra eficiencia hídrica y energética, e incluso, que la medicina se desarrolle a pasos agigantados.</p>
<p>Pero uno de los atributos más relevantes del plástico, es también su mayor desafío. Si bien cerca del 60% de los productos plásticos que se fabrican se destinan a aplicaciones de larga duración, como sociedad no hemos sabido gestionar de manera correcta la durabilidad de este material.</p>
<p>El reciclaje de los plásticos es una alternativa real no sólo para dar solución al problema de la creciente generación de residuos, sino también, para combatir la crisis climática que amenaza el futuro de las nuevas generaciones.</p>
<p>La mayoría de los plásticos son 100% reciclables. Al convertirse en residuos pueden ser valorizados a través del reciclaje mecánico y utilizados como materia prima en la producción de nuevas aplicaciones, lo que se genera ahorros de energía y de combustibles fósiles en el ciclo de vida de los productos plásticos superiores al 80%.</p>
<p>Que los plásticos terminen su vida útil en la naturaleza o puedan ser reciclados depende de todos, en nuestro rol de ciudadanos responsables.</p>
</div></div><div class="w-separator size_medium"></div></div></div></div></div></section>

“Que los plásticos terminen su vida útil en la naturaleza o puedan ser reciclados depende de todos” Por qué preferir plásticos recicladosLos plásticos son una amplia familia de resinas que se inventaron para mejorar la calidad de vida de las personas, posibilitando que distintos bienes fuesen accesibles a una mayor y variada cantidad de población....
