{"id":8672,"date":"2023-07-05T00:55:59","date_gmt":"2023-07-05T03:55:59","guid":{"rendered":"https:\/\/gabyvalenzuela.cl\/upgrades\/data-legal-consulting\/?page_id=8672"},"modified":"2025-02-27T15:01:40","modified_gmt":"2025-02-27T18:01:40","slug":"nuestro-proyecto","status":"publish","type":"page","link":"https:\/\/www.asipla.cl\/marketplace\/nuestro-proyecto\/","title":{"rendered":"Nuestro proyecto"},"content":{"rendered":"<section class=\"l-section wpb_row height_auto width_full\"><div class=\"l-section-h i-cf\"><div class=\"g-cols vc_row via_grid cols_1 laptops-cols_inherit tablets-cols_inherit mobiles-cols_1 valign_top type_default stacking_default\"><div class=\"wpb_column vc_column_container\"><div class=\"vc_column-inner\">\n\t\t\t<!-- START Nosotros REVOLUTION SLIDER 6.6.18 --><p class=\"rs-p-wp-fix\"><\/p>\n\t\t\t<rs-module-wrap id=\"rev_slider_16_1_wrapper\" data-source=\"gallery\" style=\"visibility:hidden;background:transparent;padding:0;margin:0px auto;margin-top:0;margin-bottom:0;\">\n\t\t\t\t<rs-module id=\"rev_slider_16_1\" style=\"\" data-version=\"6.6.18\">\n\t\t\t\t\t<rs-slides style=\"overflow: hidden; position: absolute;\">\n\t\t\t\t\t\t<rs-slide style=\"position: absolute;\" data-key=\"rs-32\" data-title=\"Slide\" data-in=\"o:0;\" data-out=\"a:false;\">\n\t\t\t\t\t\t\t<img decoding=\"async\" src=\"\/\/www.asipla.cl\/marketplace\/wp-content\/plugins\/revslider\/public\/assets\/assets\/dummy.png\" alt=\"\" title=\"slide_2\" width=\"1200\" height=\"400\" class=\"rev-slidebg tp-rs-img rs-lazyload\" data-lazyload=\"\/\/www.asipla.cl\/marketplace\/wp-content\/uploads\/2023\/09\/slide_2.jpg\" data-no-retina>\n<!--\n\t\t\t\t\t\t\t--><rs-layer\n\t\t\t\t\t\t\t\tid=\"slider-16-slide-32-layer-0\" \n\t\t\t\t\t\t\t\tdata-type=\"text\"\n\t\t\t\t\t\t\t\tdata-color=\"#ffffff\"\n\t\t\t\t\t\t\t\tdata-rsp_ch=\"on\"\n\t\t\t\t\t\t\t\tdata-xy=\"x:c;y:c;\"\n\t\t\t\t\t\t\t\tdata-text=\"w:normal;s:30;l:37;fw:700;a:center;\"\n\t\t\t\t\t\t\t\tdata-frame_999=\"o:0;st:w;\"\n\t\t\t\t\t\t\t\tstyle=\"z-index:6;font-family:'Montserrat';\"\n\t\t\t\t\t\t\t>\u201cLos pl\u00e1sticos son una amplia familia de resinas <br \/>\nque se inventaron para mejorar la calidad de vida de las personas\u201d \n\t\t\t\t\t\t\t<\/rs-layer><!--\n-->\t\t\t\t\t\t<\/rs-slide>\n\t\t\t\t\t<\/rs-slides>\n\t\t\t\t<\/rs-module>\n\t\t\t\t<script>\n\t\t\t\t\tsetREVStartSize({c: 'rev_slider_16_1',rl:[1240,1024,778,480],el:[400],gw:[1200],gh:[400],type:'standard',justify:'',layout:'fullwidth',mh:\"0\"});if (window.RS_MODULES!==undefined && window.RS_MODULES.modules!==undefined && window.RS_MODULES.modules[\"revslider161\"]!==undefined) {window.RS_MODULES.modules[\"revslider161\"].once = false;window.revapi16 = undefined;if (window.RS_MODULES.checkMinimal!==undefined) window.RS_MODULES.checkMinimal()}\n\t\t\t\t<\/script>\n\t\t\t<\/rs-module-wrap>\n\t\t\t<!-- END REVOLUTION SLIDER -->\n<\/div><\/div><\/div><\/div><\/section><section class=\"l-section wpb_row height_auto\"><div class=\"l-section-h i-cf\"><div class=\"g-cols vc_row via_grid cols_1 laptops-cols_inherit tablets-cols_inherit mobiles-cols_1 valign_top type_default stacking_default\"><div class=\"wpb_column vc_column_container\"><div class=\"vc_column-inner\"><div class=\"w-separator size_medium\"><\/div><h2 class=\"w-text\"><span class=\"w-text-h\"><span class=\"w-text-value\">Nuestro Proyecto<\/span><\/span><\/h2><div class=\"wpb_text_column\"><div class=\"wpb_wrapper\"><p>En junio de 2020 se promulg\u00f3 el Decreto de Envases y Embalajes de la Ley REP, que entr\u00f3 en vigor en septiembre de 2023 y exige a las empresas productoras cumplir con obligaciones de recolecci\u00f3n y valorizaci\u00f3n de una proporci\u00f3n del total de los envases y embalajes que ponen en el mercado, denominadas \u201cmetas\u201d. Esta pol\u00edtica p\u00fablica impulsar\u00e1 la gesti\u00f3n de residuos y el desarrollo de capacidad instalada en la industria del reciclaje a nivel nacional, por consiguiente, supondr\u00e1 un aumento considerable en la oferta de materia prima reciclada. Sin embargo, la ley no contempla ninguna obligaci\u00f3n o incentivo para la incorporaci\u00f3n de estas resinas en actuales o nuevas aplicaciones, en reemplazo de la resina virgen. Es as\u00ed como, de cara al desaf\u00edo que plantea la econom\u00eda circular de los pl\u00e1sticos y convencidos de que este material, dentro de sus m\u00faltiples beneficios para el desarrollo de la sociedad, es tambi\u00e9n intr\u00ednsecamente circular, en septiembre de 2021 ASIPLA y la Agencia de Sustentabilidad y Cambio Clim\u00e1tico (ASCC) firmaron un Acuerdo de Producci\u00f3n Limpia (APL) cuyo objetivo es potenciar la demanda de resinas pl\u00e1sticas recicladas en aplicaciones destinadas a sectores de uso intensivo de este material, como la construcci\u00f3n, miner\u00eda, obras p\u00fablicas, agricultura, pesca, y envases y embalajes secundarios y terciarios.<\/p>\n<\/div><\/div><\/div><\/div><\/div><\/div><\/section><section class=\"l-section wpb_row height_auto\"><div class=\"l-section-h i-cf\"><div class=\"g-cols vc_row via_grid cols_1 laptops-cols_inherit tablets-cols_inherit mobiles-cols_1 valign_top type_default stacking_default\"><div class=\"wpb_column vc_column_container\"><div class=\"vc_column-inner\"><div class=\"w-separator size_medium\"><\/div><div class=\"w-image align_none\"><div class=\"w-image-h\"><img loading=\"lazy\" decoding=\"async\" width=\"1200\" height=\"458\" src=\"https:\/\/www.asipla.cl\/marketplace\/wp-content\/uploads\/2023\/10\/reciclando.jpg\" class=\"attachment-full size-full\" alt=\"\" srcset=\"https:\/\/www.asipla.cl\/marketplace\/wp-content\/uploads\/2023\/10\/reciclando.jpg 1200w, https:\/\/www.asipla.cl\/marketplace\/wp-content\/uploads\/2023\/10\/reciclando-300x115.jpg 300w, https:\/\/www.asipla.cl\/marketplace\/wp-content\/uploads\/2023\/10\/reciclando-1024x391.jpg 1024w\" sizes=\"auto, (max-width: 1200px) 100vw, 1200px\" \/><\/div><\/div><div class=\"w-separator size_medium\"><\/div><\/div><\/div><\/div><\/div><\/section><section class=\"l-section wpb_row height_auto\"><div class=\"l-section-h i-cf\"><div class=\"g-cols vc_row via_grid cols_1 laptops-cols_inherit tablets-cols_inherit mobiles-cols_1 valign_top type_default stacking_default\"><div class=\"wpb_column vc_column_container\"><div class=\"vc_column-inner\"><h2 class=\"w-text\"><span class=\"w-text-h\"><span class=\"w-text-value\">Metas del APL:<\/span><\/span><\/h2><div class=\"wpb_text_column\"><div class=\"wpb_wrapper\"><p><span style=\"color: #377e50;\">\u00a0<\/span><strong><span style=\"color: #377e50;\">1)<\/span><\/strong> Generar informaci\u00f3n base de empresas transformadoras y recicladoras de pl\u00e1sticos, que abastecen de resina reciclada, con el fin de identificar su origen, caracterizaci\u00f3n y oportunidades de mejora.<\/p>\n<p><strong><span style=\"color: #377e50;\">2)<\/span> <\/strong>Implementar est\u00e1ndares de calidad y trazabilidad de las resinas recicladas, aumentando su porcentaje de uso en productos de distintas industrias.<\/p>\n<p><strong><span style=\"color: #377e50;\">3)<\/span><\/strong> Impulsar en el sector p\u00fablico y privado medidas necesarias para promover la incorporaci\u00f3n de productos que contengan resinas recicladas.<\/p>\n<p><strong><span style=\"color: #377e50;\">4)<\/span><\/strong> Y generar acciones de promoci\u00f3n, difusi\u00f3n y sensibilizaci\u00f3n sobre los beneficios del uso de productos de pl\u00e1stico reciclado, con est\u00e1ndares de calidad y trazabilidad definidos.<\/p>\n<\/div><\/div><div class=\"w-separator size_medium\"><\/div><\/div><\/div><\/div><\/div><\/section>\n","protected":false},"excerpt":{"rendered":"\u201cLos pl\u00e1sticos son una amplia familia de resinas que se inventaron para mejorar la calidad de vida de las personas\u201d Nuestro ProyectoEn junio de 2020 se promulg\u00f3 el Decreto de Envases y Embalajes de la Ley REP, que entr\u00f3 en vigor en septiembre de 2023 y exige a las empresas productoras cumplir con obligaciones de...","protected":false},"author":1,"featured_media":0,"parent":0,"menu_order":0,"comment_status":"closed","ping_status":"open","template":"","meta":{"footnotes":""},"class_list":["post-8672","page","type-page","status-publish","hentry"],"_links":{"self":[{"href":"https:\/\/www.asipla.cl\/marketplace\/wp-json\/wp\/v2\/pages\/8672","targetHints":{"allow":["GET"]}}],"collection":[{"href":"https:\/\/www.asipla.cl\/marketplace\/wp-json\/wp\/v2\/pages"}],"about":[{"href":"https:\/\/www.asipla.cl\/marketplace\/wp-json\/wp\/v2\/types\/page"}],"author":[{"embeddable":true,"href":"https:\/\/www.asipla.cl\/marketplace\/wp-json\/wp\/v2\/users\/1"}],"replies":[{"embeddable":true,"href":"https:\/\/www.asipla.cl\/marketplace\/wp-json\/wp\/v2\/comments?post=8672"}],"version-history":[{"count":17,"href":"https:\/\/www.asipla.cl\/marketplace\/wp-json\/wp\/v2\/pages\/8672\/revisions"}],"predecessor-version":[{"id":9208,"href":"https:\/\/www.asipla.cl\/marketplace\/wp-json\/wp\/v2\/pages\/8672\/revisions\/9208"}],"wp:attachment":[{"href":"https:\/\/www.asipla.cl\/marketplace\/wp-json\/wp\/v2\/media?parent=8672"}],"curies":[{"name":"wp","href":"https:\/\/api.w.org\/{rel}","templated":true}]}}

<section class="l-section wpb_row height_auto width_full"><div class="l-section-h i-cf"><div class="g-cols vc_row via_grid cols_1 laptops-cols_inherit tablets-cols_inherit mobiles-cols_1 valign_top type_default stacking_default"><div class="wpb_column vc_column_container"><div class="vc_column-inner">
			<!-- START Nosotros REVOLUTION SLIDER 6.6.18 --><p class="rs-p-wp-fix"></p>
			<rs-module-wrap id="rev_slider_16_1_wrapper" data-source="gallery" style="visibility:hidden;background:transparent;padding:0;margin:0px auto;margin-top:0;margin-bottom:0;">
				<rs-module id="rev_slider_16_1" style="" data-version="6.6.18">
					<rs-slides style="overflow: hidden; position: absolute;">
						<rs-slide style="position: absolute;" data-key="rs-32" data-title="Slide" data-in="o:0;" data-out="a:false;">
							<img decoding="async" src="//www.asipla.cl/marketplace/wp-content/plugins/revslider/public/assets/assets/dummy.png" alt="" title="slide_2" width="1200" height="400" class="rev-slidebg tp-rs-img rs-lazyload" data-lazyload="//www.asipla.cl/marketplace/wp-content/uploads/2023/09/slide_2.jpg" data-no-retina>
<!--
							--><rs-layer
								id="slider-16-slide-32-layer-0" 
								data-type="text"
								data-color="#ffffff"
								data-rsp_ch="on"
								data-xy="x:c;y:c;"
								data-text="w:normal;s:30;l:37;fw:700;a:center;"
								data-frame_999="o:0;st:w;"
								style="z-index:6;font-family:'Montserrat';"
							>“Los plásticos son una amplia familia de resinas <br />
que se inventaron para mejorar la calidad de vida de las personas” 
							</rs-layer><!--
-->						</rs-slide>
					</rs-slides>
				</rs-module>
				<script>
					setREVStartSize({c: 'rev_slider_16_1',rl:[1240,1024,778,480],el:[400],gw:[1200],gh:[400],type:'standard',justify:'',layout:'fullwidth',mh:"0"});if (window.RS_MODULES!==undefined && window.RS_MODULES.modules!==undefined && window.RS_MODULES.modules["revslider161"]!==undefined) {window.RS_MODULES.modules["revslider161"].once = false;window.revapi16 = undefined;if (window.RS_MODULES.checkMinimal!==undefined) window.RS_MODULES.checkMinimal()}
				</script>
			</rs-module-wrap>
			<!-- END REVOLUTION SLIDER -->
</div></div></div></div></section><section class="l-section wpb_row height_auto"><div class="l-section-h i-cf"><div class="g-cols vc_row via_grid cols_1 laptops-cols_inherit tablets-cols_inherit mobiles-cols_1 valign_top type_default stacking_default"><div class="wpb_column vc_column_container"><div class="vc_column-inner"><div class="w-separator size_medium"></div><h2 class="w-text"><span class="w-text-h"><span class="w-text-value">Nuestro Proyecto</span></span></h2><div class="wpb_text_column"><div class="wpb_wrapper"><p>En junio de 2020 se promulgó el Decreto de Envases y Embalajes de la Ley REP, que entró en vigor en septiembre de 2023 y exige a las empresas productoras cumplir con obligaciones de recolección y valorización de una proporción del total de los envases y embalajes que ponen en el mercado, denominadas “metas”. Esta política pública impulsará la gestión de residuos y el desarrollo de capacidad instalada en la industria del reciclaje a nivel nacional, por consiguiente, supondrá un aumento considerable en la oferta de materia prima reciclada. Sin embargo, la ley no contempla ninguna obligación o incentivo para la incorporación de estas resinas en actuales o nuevas aplicaciones, en reemplazo de la resina virgen. Es así como, de cara al desafío que plantea la economía circular de los plásticos y convencidos de que este material, dentro de sus múltiples beneficios para el desarrollo de la sociedad, es también intrínsecamente circular, en septiembre de 2021 ASIPLA y la Agencia de Sustentabilidad y Cambio Climático (ASCC) firmaron un Acuerdo de Producción Limpia (APL) cuyo objetivo es potenciar la demanda de resinas plásticas recicladas en aplicaciones destinadas a sectores de uso intensivo de este material, como la construcción, minería, obras públicas, agricultura, pesca, y envases y embalajes secundarios y terciarios.</p>
</div></div></div></div></div></div></section><section class="l-section wpb_row height_auto"><div class="l-section-h i-cf"><div class="g-cols vc_row via_grid cols_1 laptops-cols_inherit tablets-cols_inherit mobiles-cols_1 valign_top type_default stacking_default"><div class="wpb_column vc_column_container"><div class="vc_column-inner"><div class="w-separator size_medium"></div><div class="w-image align_none"><div class="w-image-h"><img loading="lazy" decoding="async" width="1200" height="458" src="https://www.asipla.cl/marketplace/wp-content/uploads/2023/10/reciclando.jpg" class="attachment-full size-full" alt="" srcset="https://www.asipla.cl/marketplace/wp-content/uploads/2023/10/reciclando.jpg 1200w, https://www.asipla.cl/marketplace/wp-content/uploads/2023/10/reciclando-300x115.jpg 300w, https://www.asipla.cl/marketplace/wp-content/uploads/2023/10/reciclando-1024x391.jpg 1024w" sizes="auto, (max-width: 1200px) 100vw, 1200px" /></div></div><div class="w-separator size_medium"></div></div></div></div></div></section><section class="l-section wpb_row height_auto"><div class="l-section-h i-cf"><div class="g-cols vc_row via_grid cols_1 laptops-cols_inherit tablets-cols_inherit mobiles-cols_1 valign_top type_default stacking_default"><div class="wpb_column vc_column_container"><div class="vc_column-inner"><h2 class="w-text"><span class="w-text-h"><span class="w-text-value">Metas del APL:</span></span></h2><div class="wpb_text_column"><div class="wpb_wrapper"><p><span style="color: #377e50;"> </span><strong><span style="color: #377e50;">1)</span></strong> Generar información base de empresas transformadoras y recicladoras de plásticos, que abastecen de resina reciclada, con el fin de identificar su origen, caracterización y oportunidades de mejora.</p>
<p><strong><span style="color: #377e50;">2)</span> </strong>Implementar estándares de calidad y trazabilidad de las resinas recicladas, aumentando su porcentaje de uso en productos de distintas industrias.</p>
<p><strong><span style="color: #377e50;">3)</span></strong> Impulsar en el sector público y privado medidas necesarias para promover la incorporación de productos que contengan resinas recicladas.</p>
<p><strong><span style="color: #377e50;">4)</span></strong> Y generar acciones de promoción, difusión y sensibilización sobre los beneficios del uso de productos de plástico reciclado, con estándares de calidad y trazabilidad definidos.</p>
</div></div><div class="w-separator size_medium"></div></div></div></div></div></section>

“Los plásticos son una amplia familia de resinas que se inventaron para mejorar la calidad de vida de las personas” Nuestro ProyectoEn junio de 2020 se promulgó el Decreto de Envases y Embalajes de la Ley REP, que entró en vigor en septiembre de 2023 y exige a las empresas productoras cumplir con obligaciones de...
